13?
4748
What is 101022 (base 3) in base 9?
338
What is 2230112 (base 4) in base 9?
16115
What is -32962 (base 10) in base 5?
-2023322
Convert -56550 (base 7) to base 4.
-3200013
What is -683 (base 9) in base 4?
-20301
1100110101101 (base 2) to base 14
2577
What is -28922 (base 10) in base 4?
-13003322
What is 17562 (base 8) in base 5?
224200
Convert 1682 (base 10) to base 5.
23212
What is -633c (base 15) in base 16?
-51f6
What is -11647 (base 8) in base 14?
-1b95
101101110110111 (base 2) to base 13
a8c1
What is -97 (base 14) in base 4?
-2011
202020001 (base 3) to base 13
6931
1110211 (base 3) to base 16
433
What is -13242 (base 5) in base 2?
-10000110000
-2201111 (base 3) to base 14
-a1a
What is -11010101000101 (base 2) in base 16?
-3545
Convert 10031 (base 4) to base 13.
179
Convert 155131 (base 7) to base 9.
45867
Convert 5a8b (base 14) to base 10.
15803
-a0 (base 13) to base 12
-aa
What is -111022221 (base 4) in base 6?
-1505213
-36a2 (base 15) to base 4
-2311223
What is -42541 (base 6) in base 4?
-1122331
Convert 2706 (base 8) to base 9.
2022
1111101101 (base 2) to base 16
3ed
What is 10224 (base 5) in base 12?
495
Convert -1044 (base 5) to base 15.
-9e
-a36 (base 13) to base 7
-5026
304132 (base 5) to base 2
10011010111101
dc (base 14) to base 11
167
Convert -23 (base 6) to base 8.
-17
What is -1415 (base 7) in base 6?
-2315
What is -7a (base 13) in base 3?
-10202
What is 254041 (base 6) in base 2?
101100110001001
Convert 10200233 (base 4) to base 8.
44057
Convert 10302113 (base 4) to base 14.
7207
18cd (base 16) to base 5
200344
What is -441 (base 15) in base 7?
-2542
What is 20191 (base 10) in base 4?
10323133
Convert -356 (base 12) to base 8.
-762
What is -14422 (base 5) in base 10?
-1237
What is 150 (base 16) in base 6?
1320
What is 42a (base 16) in base 3?
1110111
What is 544 (base 6) in base 3?
21201
Convert -40044 (base 7) to base 12.
-56b0
What is -13101 (base 6) in base 8?
-3675
What is 3231 (base 7) in base 4?
101331
Convert 24243 (base 5) to base 3.
2111112
Convert 6c7 (base 13) to base 11.
980
What is -5552 (base 8) in base 13?
-143a
Convert 223 (base 4) to base 3.
1121
What is -100110110101011 (base 2) in base 5?
-1114013
What is 211 (base 4) in base 13?
2b
-1322 (base 5) to base 2
-11010100
Convert 1000011101101111 (base 2) to base 6.
424303
Convert 20b4 (base 13) to base 16.
11bd
What is -14a79 (base 11) in base 5?
-1140021
2053 (base 7) to base 6
3204
Convert -3607 (base 14) to base 7.
-36310
Convert -4018 (base 11) to base 4.
-1103133
-1c133 (base 13) to base 16
-d760
Convert 373 (base 14) to base 3.
221112
-db24 (base 16) to base 6
-1111420
What is -617 (base 10) in base 8?
-1151
Convert 49877 (base 10) to base 11.
34523
-1761 (base 10) to base 9
-2366
13011 (base 4) to base 10
453
-4042 (base 6) to base 16
-37a
What is 103123 (base 4) in base 12?
877
What is -20827 (base 9) in base 12?
-7b97
What is 2836 (base 10) in base 5?
42321
What is 16b0 (base 12) in base 5?
41344
What is -32c (base 15) in base 10?
-717
What is 1111001211 (base 3) in base 15?
89c4
Convert 566 (base 9) to base 4.
13101
404134 (base 5) to base 9
18803
Convert 482 (base 9) to base 13.
248
What is -22342 (base 10) in base 12?
-10b1a
Convert 19a3 (base 12) to base 11.
2401
What is 511 (base 12) in base 15?
33d
Convert -1001111010 (base 2) to base 13.
-39a
-6fb (base 16) to base 11
-1385
Convert 34b7b (base 12) to base 11.
49213
Convert -31b0 (base 12) to base 5.
-133320
Convert 214334 (base 7) to base 6.
445515
Convert -1110101011 (base 2) to base 5.
-12224
What is -2002 (base 15) in base 5?
-204002
1681 (base 12) to base 8
5201
Convert -2bb (base 12) to base 11.
-362
What is -230301 (base 5) in base 11?
-6186
Convert -457 (base 10) to base 3.
-121221
What is 2624 (base 13) in base 7?
21566
What is 120b (base 13) in base 10?
2546
What is -561 (base 12) in base 13?
-490
What is -2262 (base 7) in base 9?
-1120
What is 468 (base 15) in base 11?
828
101101011100110 (base 2) to base 16
5ae6
-293 (base 15) to base 13
-363
Convert -27b (base 16) to base 8.
-1173
1736 (base 9) to base 12
929
What is 33d (base 16) in base 5?
11304
Convert -1201022 (base 3) to base 7.
-3434
-204 (base 9) to base 3
-20011
2022 (base 14) to base 5
134033
301013 (base 4) to base 10
3143
What is -155 (base 10) in base 16?
-9b
Convert -17431 (base 10) to base 15.
-5271
What is 1320 (base 9) in base 4?
33132
23126 (base 10) to base 3
1011201112
What is 129 (base 14) in base 2?
11101001
101001110111 (base 2) to base 6
20223
Convert 177 (base 12) to base 8.
353
What is 330210 (base 4) in base 8?
7444
31330 (base 5) to base 13
c4a
What is -1011212 (base 3) in base 12?
-5b8
Convert 676 (base 9) to base 5.
4210
Convert -76434 (base 10) to base 11.
-52476
Convert 1000100 (base 2) to base 12.
58
-513 (base 9) to base 12
-2a9
1a8 (base 16) to base 6
1544
What is 14512 (base 6) in base 7?
6563
What is -23712 (base 8) in base 9?
-14867
What is -134746 (base 8) in base 2?
-1011100111100110
Convert -1101111010 (base 2) to base 12.
-622
10000101101110 (base 2) to base 7
33644
Convert -381 (base 12) to base 4.
-20101
Convert 1680 (base 10) to base 12.
b80
-1100 (base 2) to base 12
-10
Convert -7036 (base 8) to base 15.
-110e
What is -81124 (base 10) in base 9?
-133247
What is -133211 (base 5) in base 11?
-4098
Convert -10105 (base 6) to base 11.
-1006
What is 5591 (base 11) in base 16?
1cc0
What is -96b4 (base 12) in base 6?
-204344
-3b65 (base 14) to base 13
-49cc
Convert -3241 (base 5) to base 8.
-676
Convert 3221 (base 4) to base 6.
1025
Convert 955 (base 12) to base 13.
809
Convert 800 (base 11) to base 13.
596
What is -10101011 (base 2) in base 6?
-443
24374 (base 10) to base 9
36382
Convert 2958 (base 11) to base 7.
14056
Convert -303030 (base 4) to base 12.
-1a90
26102 (base 8) to base 14
41b4
33a1 (base 11) to base 4
1011303
Convert 387 (base 10) to base 16.
183
Convert -167 (base 8) to base 7.
-230
-1510 (base 7) to base 10
-595
What is -105666 (base 7) in base 8?
-44660
What is -369 (base 16) in base 14?
-465
-36076 (base 8) to base 13
-7034
Convert 5070 (base 11) to base 14.
264c
Convert 12301000 (base 4) to base 7.
143536
What is 312321 (base 4) in base 5?
103023
What is 7c3 (base 13) in base 15?
5e7
Convert -11102212 (base 3) to base 7.
-12302
ec53 (base 15) to base 11
34650
-13207 (base 8) to base 9
-7817
-100 (base 14) to base 13
-121
Convert -2501 (base 10) to base 8.
-4705
-211221 (base 3) to base 6
-2511
Convert -20102 (base 3) to base 14.
-c5
What is 4256 (base 11) in base 12?
330b
What is 1980 (base 15) in base 6?
41320
-4e3e (base 16) to base 15
-5e05
What is -46968 (base 10) in base 6?
-1001240
What is -309 (base 12) in base 16?
-1b9
What is 20002 (base 3) in base 13?
c8
What is -35 (base 12) in base 6?
-105
-e32 (base 16) to base 8
-7062
Convert -12112012 (base 3) to base 5.
-112103
-1059 (base 12) to base 15
-7ec
What is -18b (base 16) in base 4?
-12023
Convert -14210 (base 5) to base 11.
-983
-209 (base 12) to base 14
-173
What is -12240 (base 10) in base 2?
-10111111010000
What is -11110111011 (base 2) in base 8?
-3673
1010010000 (base 2) to base 14
34c
-22233 (base 9) to base 16
-39b4
What is -f704 (base 16) in base 8?
-173404
Convert c92 (base 16) to base 12.
1a42
111101010011101 (base 2) to base 11
21646
What is 1010100110 (base 2) in base 7?
1656
Convert 111010001 (base 2) to base 7.
1233
Convert 21070 (base 8) to base 11.
6644
11651 (base 11) to base 8
40562
25a (base 11) to base 16
133
Convert -1730 (base 10) to base 8.
-3302
-125051 (base 6) to base 16
-2cd7
222420 (base 5) to base 10
7860
What is 11761 (base 8) in base 3?
21000002
Convert 221422 (base 6) to base 10.
18518
What is 7643 (base 8) in base 6?
30311
What is 16150 (base 7) in base 12?
2767
What is -1c37 (base 14) in base 5?
-131040
What is -10321223 (base 5) in base 13?
-31635
Convert -1971 (base 10) to base 12.
-1183
Convert -650 (base 7) to base 8.
-511
1001010011001101 (base 2) to base 8
112315
-324 (base 6) to base 11
-103
Convert -110111 (base 5) to base 7.
-14011
What is 40 (base 10) in base 8?
50
-42021 (base 7) to base 8
-24101
-10010002120 (base 3) to base 16
-ef79
24604 (base 7) to base 16
1948
Convert -10586 (base 11) to base 6.
-155004
9410 (base 10) to base 11
7085
331 (base 15) to base